2 + 0. What is the units digit of m(-6)?
1
Let p = -74 - -46. Suppose -2*y - 1 = -y, 2*a + 3*y = -103. Let v = p - a. What is the units digit of v?
2
Suppose -6*d + 4713 = 3*z - 3*d, 0 = -5*z + d + 7861. What is the tens digit of z?
7
Suppose 5*f = 4*f - 26. Let c = f + 42. Suppose c + 10 = a. What is the units digit of a?
6
Let a = -2352 - -4140. What is the thousands digit of a?
1
What is the hundreds digit of (-8134)/(-9) - -7 - 4/(-18)?
9
Let j be (((-2)/(-3))/2)/((-11)/(-66)). Suppose 188 = j*d + m + 3*m, 0 = 2*d + 3*m - 185. What is the units digit of d?
8
Let a(r) = 56*r - 43. What is the tens digit of a(4)?
8
Let u(x) be the third derivative of x**6/120 - x**4/24 + 4*x**3 + 7*x**2. Let t = -12 - -12. What is the units digit of u(t)?
4
Suppose 5*p - 10 = 4*p. Suppose d = 2 + p. What is the tens digit of d?
1
Let m(t) = 4*t - 3. Let w be m(2). Let z(r) = -5*r**2 - r**2 + 8*r**2 + w*r + 6. What is the tens digit of z(-4)?
1
Let u(w) = w**2 - w - 1. Let n be u(4). What is the tens digit of (2 - 1)*(6 + -3)*n?
3
Let g = 8 + -12. Let b(i) = -i - 2. Let x be b(g). Suppose x*v + 3*s - 95 = 0, -3*v - s = 3*s - 143. What is the tens digit of v?
4
Suppose -5*i + 155 = -540. What is the hundreds digit of i?
1
Let x(g) = g**3 + 5*g**2 - 5*g - 9. Let d = 23 - 28. What is the tens digit of x(d)?
1
Suppose -3*j - 57 = 2*z, 4*z + 0*j + 164 = 4*j. Let b be z/(-42)*(-7)/(-2). Suppose -o + 69 = b*t + 2*o, 3*o = -2*t + 48. What is the tens digit of t?
2
Let l be 4 + (-34)/9 + 50/18. Suppose 206 = 4*n - l*x + x, -5*x - 107 = -2*n. What is the units digit of n?
1
Let h(c) = -c + 8. Let f be h(-7). Let k be 17/3 + (-6)/9. What is the tens digit of k/f*78/2?
1
Suppose 9*b - 5*b = -72. Let c(l) = -3*l - 29. What is the tens digit of c(b)?
2
Let q(p) = p - 10. Let g be (1 + 41)*(-2)/(-6). Let t be q(g). Suppose t*d - 50 = -d. What is the units digit of d?
0
Let f be 52/3*123/82. Suppose 15 = -3*u - 0, -5*r + 2*u = 70. Let p = r + f. What is the units digit of p?
0
Let b be (-10)/20*(0 + 0). Suppose b = -6*s + s + 55. What is the tens digit of s?
1
Suppose -35*t = -26*t - 1161. What is the tens digit of t?
2
Let b(z) = -10*z**3 + 2*z**2 + 2*z + 1. Let s(d) = d**2 + 6*d - 1. Let w be s(-6). What is the tens digit of b(w)?
1
Let c(x) = x - 1 - 4*x**2 + 4 + 3*x**2 + 2*x**2. Let u be c(-4). Suppose 0 = 5*a - u, -2*j + 5*a = a - 102. What is the tens digit of j?
5
Suppose 0 = 7*o - 2*o - 240. Let g = 69 - o. What is the units digit of g?
1
Let d(h) = 15*h**3 - h**2 - h + 1. Let a be d(1). Let f(v) = 3 + a*v + 0 + 3 - 4. What is the units digit of f(1)?
6
Suppose -4*g = 2*n - 3110, -3*g + 0*g - 4*n + 2325 = 0. What is the units digit of g?
9
Suppose 2*o = -27 - 63. Let s = -86 - o. What is the units digit of -4 - (-1 + s + 3)?
5
What is the hundreds digit of 4/((-32)/10596)*10/(-15)?
8
Let b be 20/(-3)*12/(-16). Suppose 4*w - 389 = m - 0*m, b*w - 5*m - 505 = 0. What is the units digit of w?
6
Suppose -2*y = d - 721, d - 2*y = 476 + 229. What is the tens digit of d?
1
Let v(k) = k**2 + 4*k - 3. Let r be v(-6). Let d = r - -4. Let w = 29 - d. What is the units digit of w?
6
Suppose -11*m + 1162 = -9*m. What is the tens digit of m?
8
Let d be -11 - (-3 + (3 - 3)). Let g be (-156)/d*2/3. Suppose w - g = s + 14, -3*s - 108 = -4*w. What is the units digit of w?
7
Let l be ((-12)/(-10))/((-7)/(105/(-6))). Let v(d) = 7*d**2 - d + 6. What is the units digit of v(l)?
6
Let t = 21 + -21. Suppose 0*c - 53 = -c + h, -5*c - 2*h + 251 = t. What is the units digit of c?
1
Suppose 18*o = 19*o. Suppose -4*w = -3*f - 271, o = w - 3*f - 62 - 17. Suppose 0 = 3*j - 2*l - 190, 2*j = -3*l - w + 169. What is the tens digit of j?
6
Suppose -2*n - 1401 = -3*k, -5*n - 934 = -2*k - 0*n. What is the tens digit of k?
6
Let s(f) = -f**3 + 2*f**2 - 11*f - 10. Let m be (5/3 + (-4)/(-12))*-2. What is the hundreds digit of s(m)?
1
What is the hundreds digit of -2 + -2 + 10 + 1119?
1
What is the hundreds digit of (-990)/44*(-6)/10*22?
2
Let k = 50 + 114. What is the units digit of k?
4
Let u(v) = 2*v**2 - 8*v - 11. Let b(s) = -5*s**2 + 24*s + 34. Let r(l) = 4*b(l) + 11*u(l). What is the tens digit of r(-5)?
2
Suppose 3*k = 5 - 20. Let g(d) = -2*d**3 - 4*d**2 - 4*d + 16. What is the tens digit of g(k)?
8
What is the thousands digit of (5 - -5) + 162750/31?
5
Suppose -5*n = 5*p - 20830, 29172 = 7*n - 6*p + 8*p. What is the units digit of n?
8
Suppose -3*p = -4*v - 50, 5*p + 9 = 2*v + 97. Let i = 120 - p. What is the units digit of i?
2
Suppose 5*v = 5*l - 882 + 2682, -v = 5*l - 336. What is the tens digit of v?
5
Let u be -2 + 1 + 317 + -4. Let j = 449 - u. What is the units digit of j?
7
Let s(y) = y**3 - 22*y**2 + 50*y - 55. What is the tens digit of s(21)?
5
Suppose 4*b = 3*t - 1085, 383 = t - b + 5*b. What is the hundreds digit of t?
3
Let o = 19 + 42. Let d = o + 6. What is the units digit of d?
7
Suppose 0*d + 4 = -4*d + 4*u, 5*u = 4*d + 5. Let y = 3 - d. Suppose -f = -y*b - 10 + 42, 3*b - 28 = 5*f. What is the units digit of b?
1
Let s(d) = -70*d**3 - 2*d + 2. Let g be s(1). What is the tens digit of g/15*(-2 - 22)?
1
Suppose -2*g + 24 = 2*p, 5*g + 0 - 72 = -2*p. What is the tens digit of (g/(-4))/(8/(-108))?
5
What is the units digit of 1/((-8)/(-74))*(-2 + 46)?
7
Let p = 343 - 163. Let h = 258 - p. What is the units digit of h?
8
Let t(p) = 3*p - 9. Let f be t(-9). What is the units digit of ((-6)/f*4)/(2/48)?
6
Let q be 4/(-10) - (-1265)/(-50)*2. What is the units digit of (-4)/6 + (-493)/q?
9
Let n = -76 + 73. What is the units digit of n*(1958/33)/(-1 + -1)?
9
Suppose 0 = w - 3*w. Suppose 4*j = -w*j - 32. What is the units digit of (j/(-12))/((-3)/(-9))?
2
Let z(r) = -r**3 + 18*r**2 + 12*r + 10. What is the hundreds digit of z(17)?
5
Let z(a) = -a**3 + 9*a**2 + 11*a + 6. Let u be z(10). Let s = 18 - u. Suppose -s*p - o + 69 = 0, -5*p + 115 = o - 56. What is the tens digit of p?
3
Let r = 14 + -12. Suppose 4*o + 5*f = -7, r*o + 0*f - 4*f + 10 = 0. Let s(d) = d**2 - 7. What is the units digit of s(o)?
2
Let h(g) = 6*g - 7. Let k(s) = -11*s + 13. Let p(q) = -5*h(q) - 3*k(q). Let f be p(7). Suppose 29 + f = b. What is the tens digit of b?
4
Suppose 786 = 3*z - 11247. What is the thousands digit of z?
4
Suppose -14*w + 15275 = 11*w. What is the tens digit of w?
1
What is the tens digit of 51 + 0 + 9 + -12?
4
Let n = 19 - 13. Let w be (-186)/(-9) - 4/n. Suppose 5*x + 0*a - 72 = 2*a, -5*a + w = 0. What is the units digit of x?
6
Suppose -2*g + 11 = -3*g. Let b = g + 46. Suppose -67 = -3*t + b. What is the tens digit of t?
3
Suppose 4*f - 1345 = -5*m, -3*f + 963 - 153 = 3*m. What is the tens digit of m?
6
Let u(o) = 6*o**2 + 3*o**2 - 10*o**2 - 8*o - 6. What is the units digit of u(-6)?
6
What is the hundreds digit of 3710 + (64/8 - 14)?
7
Suppose -92*s + 33*s + 157648 = 0. What is the hundreds digit of s?
6
Let r(n) = -n**2 + n - 16. Let u(y) = 2*y**2 - 2*y + 16. Let v(s) = 3*r(s) + 2*u(s). What is the tens digit of v(-13)?
6
Let j(z) = 3*z**2 + 5*z + 60. What is the units digit of j(20)?
0
What is the units digit of ((-3294)/(-90))/((-28)/30 - -1)?
9
Suppose m = 2*r - 13, -5*r - m + 2*m = -31. What is the units digit of ((-4)/r)/1 + 1180/60?
9
Suppose 5*l - 11 = -4*y, 0 = 5*y - 2*l - 10 - 12. Suppose -3*j = 3*h - 45, j = -3*h - 0*j + 41. What is the tens digit of (h/y)/(10/40)?
1
Let y(u) be the first derivative of -u**3/3 - 3*u**2/2 + u + 1. Let x be y(-3). What is the tens digit of (38 - (1 - x)) + 2?
4
Let f(y) = 4*y**3 - 4*y + 3. Let q(z) = 7*z**3 - 7*z + 5. Let g(d) = -5*f(d) + 3*q(d). Let w be g(-2). Let n = w + 39. What is the tens digit of n?
3
Suppose 2*t - 10 = 5*o, -2*t - 21 = 2*o - 3. Let x = 28 + t. What is the units digit of x?
3
Let t(b) = 49*b**2 - 11*b - 6. Let w be t(13). What is the tens digit of 6/33 - w/(-44)?
8
Suppose 2*g = -h - 8, -3*g + 4*g = -4*h + 3. Suppose -7*u + h*u + 260 = 4*d, -2*u = 3*d - 97. What is the units digit of u?
6
Let p(q) = -20*q - 1. Let b be p(-4). Let y(s) = -s**3 - 7*s**2 + s. Let t be y(-5). Let l = b + t. What is the units digit of l?
4
Suppose -19*n + 7040 + 465 = 0. What is the units digit of n?
5
Suppose 0 = -j - 5*j + 672. Let r = j + -63. What is the tens digit of r?
4
Suppose 0 = 3*w + 4*w - 2457. Suppose -107 = 4*g - w. What is the tens digi